{"id":23353,"date":"2021-03-15T10:22:54","date_gmt":"2021-03-15T10:22:54","guid":{"rendered":"https:\/\/myhomered.mediweb.co\/wp-content\/uploads\/2021\/03\/Loft-Le-Soho-My-Home-in-the-Alps_0004.jpg"},"modified":"2021-03-15T10:22:54","modified_gmt":"2021-03-15T10:22:54","slug":"loft-le-soho-my-home-in-the-alps_0004-2","status":"inherit","type":"attachment","link":"https:\/\/myhomered.mediweb.co\/en\/17851\/loft-le-soho-my-home-in-the-alps_0004-2\/","title":{"rendered":"Loft Le Soho \u00e0 louer \u00e0 Morzine My Home in the Alps_0004"},"author":3,"featured_media":0,"comment_status":"closed","ping_status":"closed","template":"","meta":{"_acf_changed":false,"inline_featured_image":false},"class_list":["post-23353","attachment","type-attachment","status-inherit","hentry"],"acf":[],"yoast_head":"<!-- This site is optimized with the Yoast SEO plugin v26.2 - https:\/\/yoast.com\/wordpress\/plugins\/seo\/ -->\n<title>Loft Le Soho \u00e0 louer \u00e0 Morzine My Home in the Alps_0004 - My Home In The Alps<\/title>\n<meta name=\"robots\" content=\"noindex, follow, max-snippet:-1, max-image-preview:large, max-video-preview:-1\" \/>\n<meta property=\"og:locale\" content=\"en_US\" \/>\n<meta property=\"og:type\" content=\"article\" \/>\n<meta property=\"og:title\" content=\"Loft Le Soho \u00e0 louer \u00e0 Morzine My Home in the Alps_0004 - My Home In The Alps\" \/>\n<meta property=\"og:description\" content=\"Vaste Loft Contemporain \u00e0 louer en plein centre de Morzine\" \/>\n<meta property=\"og:url\" content=\"https:\/\/myhomered.mediweb.co\/wp-content\/uploads\/2021\/03\/Loft-Le-Soho-My-Home-in-the-Alps_0004.jpg\" \/>\n<meta property=\"og:site_name\" content=\"My Home In The Alps\" \/>\n<meta property=\"og:image\" content=\"https:\/\/myhomered.mediweb.co\/wp-content\/uploads\/2021\/03\/Loft-Le-Soho-My-Home-in-the-Alps_0004.jpg\" \/>\n\t<meta property=\"og:image:width\" content=\"1920\" \/>\n\t<meta property=\"og:image:height\" content=\"1280\" \/>\n\t<meta property=\"og:image:type\" content=\"image\/jpeg\" \/>\n<meta name=\"twitter:card\" content=\"summary_large_image\" \/>\n<script type=\"application\/ld+json\" class=\"yoast-schema-graph\">{\"@context\":\"https:\/\/schema.org\",\"@graph\":[{\"@type\":\"WebPage\",\"@id\":\"https:\/\/myhomered.mediweb.co\/wp-content\/uploads\/2021\/03\/Loft-Le-Soho-My-Home-in-the-Alps_0004.jpg\",\"url\":\"https:\/\/myhomered.mediweb.co\/wp-content\/uploads\/2021\/03\/Loft-Le-Soho-My-Home-in-the-Alps_0004.jpg\",\"name\":\"Loft Le Soho \u00e0 louer \u00e0 Morzine My Home in the Alps_0004 - My Home In The Alps\",\"isPartOf\":{\"@id\":\"https:\/\/myhomered.mediweb.co\/#website\"},\"datePublished\":\"2021-03-15T10:22:54+00:00\",\"breadcrumb\":{\"@id\":\"https:\/\/myhomered.mediweb.co\/wp-content\/uploads\/2021\/03\/Loft-Le-Soho-My-Home-in-the-Alps_0004.jpg#breadcrumb\"},\"inLanguage\":\"en-US\",\"potentialAction\":[{\"@type\":\"ReadAction\",\"target\":[\"https:\/\/myhomered.mediweb.co\/wp-content\/uploads\/2021\/03\/Loft-Le-Soho-My-Home-in-the-Alps_0004.jpg\"]}]},{\"@type\":\"BreadcrumbList\",\"@id\":\"https:\/\/myhomered.mediweb.co\/wp-content\/uploads\/2021\/03\/Loft-Le-Soho-My-Home-in-the-Alps_0004.jpg#breadcrumb\",\"itemListElement\":[{\"@type\":\"ListItem\",\"position\":1,\"name\":\"Home\",\"item\":\"https:\/\/myhomered.mediweb.co\/en\/\"},{\"@type\":\"ListItem\",\"position\":2,\"name\":\"New 2021 beautiful Chalet Le Soho in Morzine town!\",\"item\":\"https:\/\/myhomered.mediweb.co\/en\/17851\/\"},{\"@type\":\"ListItem\",\"position\":3,\"name\":\"Loft Le Soho \u00e0 louer \u00e0 Morzine My Home in the Alps_0004\"}]},{\"@type\":\"WebSite\",\"@id\":\"https:\/\/myhomered.mediweb.co\/#website\",\"url\":\"https:\/\/myhomered.mediweb.co\/\",\"name\":\"My Home In The Alps\",\"description\":\"Agence immobili\u00e8re, location de chalets de luxe \u00e0 Morzine\",\"potentialAction\":[{\"@type\":\"SearchAction\",\"target\":{\"@type\":\"EntryPoint\",\"urlTemplate\":\"https:\/\/myhomered.mediweb.co\/?s={search_term_string}\"},\"query-input\":{\"@type\":\"PropertyValueSpecification\",\"valueRequired\":true,\"valueName\":\"search_term_string\"}}],\"inLanguage\":\"en-US\"}]}<\/script>\n<!-- \/ Yoast SEO plugin. -->","yoast_head_json":{"title":"Loft Le Soho \u00e0 louer \u00e0 Morzine My Home in the Alps_0004 - My Home In The Alps","robots":{"index":"noindex","follow":"follow","max-snippet":"max-snippet:-1","max-image-preview":"max-image-preview:large","max-video-preview":"max-video-preview:-1"},"og_locale":"en_US","og_type":"article","og_title":"Loft Le Soho \u00e0 louer \u00e0 Morzine My Home in the Alps_0004 - My Home In The Alps","og_description":"Vaste Loft Contemporain \u00e0 louer en plein centre de Morzine","og_url":"https:\/\/myhomered.mediweb.co\/wp-content\/uploads\/2021\/03\/Loft-Le-Soho-My-Home-in-the-Alps_0004.jpg","og_site_name":"My Home In The Alps","og_image":[{"width":1920,"height":1280,"url":"https:\/\/myhomered.mediweb.co\/wp-content\/uploads\/2021\/03\/Loft-Le-Soho-My-Home-in-the-Alps_0004.jpg","type":"image\/jpeg"}],"twitter_card":"summary_large_image","schema":{"@context":"https:\/\/schema.org","@graph":[{"@type":"WebPage","@id":"https:\/\/myhomered.mediweb.co\/wp-content\/uploads\/2021\/03\/Loft-Le-Soho-My-Home-in-the-Alps_0004.jpg","url":"https:\/\/myhomered.mediweb.co\/wp-content\/uploads\/2021\/03\/Loft-Le-Soho-My-Home-in-the-Alps_0004.jpg","name":"Loft Le Soho \u00e0 louer \u00e0 Morzine My Home in the Alps_0004 - My Home In The Alps","isPartOf":{"@id":"https:\/\/myhomered.mediweb.co\/#website"},"datePublished":"2021-03-15T10:22:54+00:00","breadcrumb":{"@id":"https:\/\/myhomered.mediweb.co\/wp-content\/uploads\/2021\/03\/Loft-Le-Soho-My-Home-in-the-Alps_0004.jpg#breadcrumb"},"inLanguage":"en-US","potentialAction":[{"@type":"ReadAction","target":["https:\/\/myhomered.mediweb.co\/wp-content\/uploads\/2021\/03\/Loft-Le-Soho-My-Home-in-the-Alps_0004.jpg"]}]},{"@type":"BreadcrumbList","@id":"https:\/\/myhomered.mediweb.co\/wp-content\/uploads\/2021\/03\/Loft-Le-Soho-My-Home-in-the-Alps_0004.jpg#breadcrumb","itemListElement":[{"@type":"ListItem","position":1,"name":"Home","item":"https:\/\/myhomered.mediweb.co\/en\/"},{"@type":"ListItem","position":2,"name":"New 2021 beautiful Chalet Le Soho in Morzine town!","item":"https:\/\/myhomered.mediweb.co\/en\/17851\/"},{"@type":"ListItem","position":3,"name":"Loft Le Soho \u00e0 louer \u00e0 Morzine My Home in the Alps_0004"}]},{"@type":"WebSite","@id":"https:\/\/myhomered.mediweb.co\/#website","url":"https:\/\/myhomered.mediweb.co\/","name":"My Home In The Alps","description":"Agence immobili\u00e8re, location de chalets de luxe \u00e0 Morzine","potentialAction":[{"@type":"SearchAction","target":{"@type":"EntryPoint","urlTemplate":"https:\/\/myhomered.mediweb.co\/?s={search_term_string}"},"query-input":{"@type":"PropertyValueSpecification","valueRequired":true,"valueName":"search_term_string"}}],"inLanguage":"en-US"}]}},"description":{"rendered":"<p class=\"attachment\"><a href='https:\/\/myhomered.mediweb.co\/wp-content\/uploads\/2021\/03\/Loft-Le-Soho-My-Home-in-the-Alps_0004.jpg'><img loading=\"lazy\" decoding=\"async\" width=\"300\" height=\"200\" src=\"https:\/\/myhomered.mediweb.co\/wp-content\/uploads\/2021\/03\/Loft-Le-Soho-My-Home-in-the-Alps_0004-300x200.jpg\" class=\"attachment-medium size-medium\" alt=\"\" srcset=\"https:\/\/myhomered.mediweb.co\/wp-content\/uploads\/2021\/03\/Loft-Le-Soho-My-Home-in-the-Alps_0004-300x200.jpg 300w, https:\/\/myhomered.mediweb.co\/wp-content\/uploads\/2021\/03\/Loft-Le-Soho-My-Home-in-the-Alps_0004-1620x1080.jpg 1620w, https:\/\/myhomered.mediweb.co\/wp-content\/uploads\/2021\/03\/Loft-Le-Soho-My-Home-in-the-Alps_0004-768x512.jpg 768w, https:\/\/myhomered.mediweb.co\/wp-content\/uploads\/2021\/03\/Loft-Le-Soho-My-Home-in-the-Alps_0004-1536x1024.jpg 1536w, https:\/\/myhomered.mediweb.co\/wp-content\/uploads\/2021\/03\/Loft-Le-Soho-My-Home-in-the-Alps_0004.jpg 1920w\" sizes=\"auto, (max-width: 300px) 100vw, 300px\" \/><\/a><\/p>\n<p>Vaste Loft Contemporain \u00e0 louer en plein centre de Morzine<\/p>\n"},"caption":{"rendered":"<p>Vaste Loft Contemporain \u00e0 louer en plein centre de Morzine<\/p>\n"},"alt_text":"","media_type":"image","mime_type":"image\/jpeg","media_details":{"width":1920,"height":1280,"file":"2021\/03\/Loft-Le-Soho-My-Home-in-the-Alps_0004.jpg","sizes":{"medium":{"file":"Loft-Le-Soho-My-Home-in-the-Alps_0004-300x200.jpg","width":300,"height":200,"mime_type":"image\/jpeg","source_url":"https:\/\/myhomered.mediweb.co\/wp-content\/uploads\/2021\/03\/Loft-Le-Soho-My-Home-in-the-Alps_0004-300x200.jpg"},"large":{"file":"Loft-Le-Soho-My-Home-in-the-Alps_0004-1620x1080.jpg","width":1620,"height":1080,"mime_type":"image\/jpeg","source_url":"https:\/\/myhomered.mediweb.co\/wp-content\/uploads\/2021\/03\/Loft-Le-Soho-My-Home-in-the-Alps_0004-1620x1080.jpg"},"thumbnail":{"file":"Loft-Le-Soho-My-Home-in-the-Alps_0004-150x150.jpg","width":150,"height":150,"mime_type":"image\/jpeg","source_url":"https:\/\/myhomered.mediweb.co\/wp-content\/uploads\/2021\/03\/Loft-Le-Soho-My-Home-in-the-Alps_0004-150x150.jpg"},"medium_large":{"file":"Loft-Le-Soho-My-Home-in-the-Alps_0004-768x512.jpg","width":768,"height":512,"mime_type":"image\/jpeg","source_url":"https:\/\/myhomered.mediweb.co\/wp-content\/uploads\/2021\/03\/Loft-Le-Soho-My-Home-in-the-Alps_0004-768x512.jpg"},"1536x1536":{"file":"Loft-Le-Soho-My-Home-in-the-Alps_0004-1536x1024.jpg","width":1536,"height":1024,"mime_type":"image\/jpeg","source_url":"https:\/\/myhomered.mediweb.co\/wp-content\/uploads\/2021\/03\/Loft-Le-Soho-My-Home-in-the-Alps_0004-1536x1024.jpg"},"full":{"file":"Loft-Le-Soho-My-Home-in-the-Alps_0004.jpg","width":1920,"height":1280,"mime_type":"image\/jpeg","source_url":"https:\/\/myhomered.mediweb.co\/wp-content\/uploads\/2021\/03\/Loft-Le-Soho-My-Home-in-the-Alps_0004.jpg"}},"image_meta":{"aperture":"9","credit":"","camera":"Canon EOS 200D","caption":"","created_timestamp":"1605002096","copyright":"","focal_length":"10","iso":"400","shutter_speed":"0.5","title":"","orientation":"1","keywords":[]}},"post":17851,"source_url":"https:\/\/myhomered.mediweb.co\/wp-content\/uploads\/2021\/03\/Loft-Le-Soho-My-Home-in-the-Alps_0004.jpg","_links":{"self":[{"href":"https:\/\/myhomered.mediweb.co\/en\/wp-json\/wp\/v2\/media\/23353","targetHints":{"allow":["GET"]}}],"collection":[{"href":"https:\/\/myhomered.mediweb.co\/en\/wp-json\/wp\/v2\/media"}],"about":[{"href":"https:\/\/myhomered.mediweb.co\/en\/wp-json\/wp\/v2\/types\/attachment"}],"author":[{"embeddable":true,"href":"https:\/\/myhomered.mediweb.co\/en\/wp-json\/wp\/v2\/users\/3"}],"replies":[{"embeddable":true,"href":"https:\/\/myhomered.mediweb.co\/en\/wp-json\/wp\/v2\/comments?post=23353"}]}}

Loft Le Soho à louer à Morzine My Home in the Alps_0004

<!-- This site is optimized with the Yoast SEO plugin v26.2 - https://yoast.com/wordpress/plugins/seo/ -->
<title>Loft Le Soho à louer à Morzine My Home in the Alps_0004 - My Home In The Alps</title>
<meta name="robots" content="noindex, follow, max-snippet:-1, max-image-preview:large, max-video-preview:-1" />
<meta property="og:locale" content="en_US" />
<meta property="og:type" content="article" />
<meta property="og:title" content="Loft Le Soho à louer à Morzine My Home in the Alps_0004 - My Home In The Alps" />
<meta property="og:description" content="Vaste Loft Contemporain à louer en plein centre de Morzine" />
<meta property="og:url" content="https://myhomered.mediweb.co/wp-content/uploads/2021/03/Loft-Le-Soho-My-Home-in-the-Alps_0004.jpg" />
<meta property="og:site_name" content="My Home In The Alps" />
<meta property="og:image" content="https://myhomered.mediweb.co/wp-content/uploads/2021/03/Loft-Le-Soho-My-Home-in-the-Alps_0004.jpg" />
	<meta property="og:image:width" content="1920" />
	<meta property="og:image:height" content="1280" />
	<meta property="og:image:type" content="image/jpeg" />
<meta name="twitter:card" content="summary_large_image" />
<script type="application/ld+json" class="yoast-schema-graph">{"@context":"https://schema.org","@graph":[{"@type":"WebPage","@id":"https://myhomered.mediweb.co/wp-content/uploads/2021/03/Loft-Le-Soho-My-Home-in-the-Alps_0004.jpg","url":"https://myhomered.mediweb.co/wp-content/uploads/2021/03/Loft-Le-Soho-My-Home-in-the-Alps_0004.jpg","name":"Loft Le Soho à louer à Morzine My Home in the Alps_0004 - My Home In The Alps","isPartOf":{"@id":"https://myhomered.mediweb.co/#website"},"datePublished":"2021-03-15T10:22:54+00:00","breadcrumb":{"@id":"https://myhomered.mediweb.co/wp-content/uploads/2021/03/Loft-Le-Soho-My-Home-in-the-Alps_0004.jpg#breadcrumb"},"inLanguage":"en-US","potentialAction":[{"@type":"ReadAction","target":["https://myhomered.mediweb.co/wp-content/uploads/2021/03/Loft-Le-Soho-My-Home-in-the-Alps_0004.jpg"]}]},{"@type":"BreadcrumbList","@id":"https://myhomered.mediweb.co/wp-content/uploads/2021/03/Loft-Le-Soho-My-Home-in-the-Alps_0004.jpg#breadcrumb","itemListElement":[{"@type":"ListItem","position":1,"name":"Home","item":"https://myhomered.mediweb.co/en/"},{"@type":"ListItem","position":2,"name":"New 2021 beautiful Chalet Le Soho in Morzine town!","item":"https://myhomered.mediweb.co/en/17851/"},{"@type":"ListItem","position":3,"name":"Loft Le Soho à louer à Morzine My Home in the Alps_0004"}]},{"@type":"WebSite","@id":"https://myhomered.mediweb.co/#website","url":"https://myhomered.mediweb.co/","name":"My Home In The Alps","description":"Agence immobilière, location de chalets de luxe à Morzine","potentialAction":[{"@type":"SearchAction","target":{"@type":"EntryPoint","urlTemplate":"https://myhomered.mediweb.co/?s={search_term_string}"},"query-input":{"@type":"PropertyValueSpecification","valueRequired":true,"valueName":"search_term_string"}}],"inLanguage":"en-US"}]}</script>
<!-- / Yoast SEO plugin. -->

Loft Le Soho à louer à Morzine My Home in the Alps_0004 - My Home In The Alps

Vaste Loft Contemporain à louer en plein centre de Morzine

Agence immobilière, location de chalets de luxe à Morzine

<p class="attachment"><a href='https://myhomered.mediweb.co/wp-content/uploads/2021/03/Loft-Le-Soho-My-Home-in-the-Alps_0004.jpg'><img loading="lazy" decoding="async" width="300" height="200" src="https://myhomered.mediweb.co/wp-content/uploads/2021/03/Loft-Le-Soho-My-Home-in-the-Alps_0004-300x200.jpg" class="attachment-medium size-medium" alt="" srcset="https://myhomered.mediweb.co/wp-content/uploads/2021/03/Loft-Le-Soho-My-Home-in-the-Alps_0004-300x200.jpg 300w, https://myhomered.mediweb.co/wp-content/uploads/2021/03/Loft-Le-Soho-My-Home-in-the-Alps_0004-1620x1080.jpg 1620w, https://myhomered.mediweb.co/wp-content/uploads/2021/03/Loft-Le-Soho-My-Home-in-the-Alps_0004-768x512.jpg 768w, https://myhomered.mediweb.co/wp-content/uploads/2021/03/Loft-Le-Soho-My-Home-in-the-Alps_0004-1536x1024.jpg 1536w, https://myhomered.mediweb.co/wp-content/uploads/2021/03/Loft-Le-Soho-My-Home-in-the-Alps_0004.jpg 1920w" sizes="auto, (max-width: 300px) 100vw, 300px" /></a></p>
<p>Vaste Loft Contemporain à louer en plein centre de Morzine</p>

<p>Vaste Loft Contemporain à louer en plein centre de Morzine</p>
